t is the greatest common factor of 2 and 39450?
2
What is the highest common divisor of 190256 and 1880?
376
What is the greatest common factor of 613 and 239683?
613
Calculate the highest common factor of 820790 and 5.
5
Calculate the greatest common factor of 12866 and 238.
14
Calculate the highest common factor of 6 and 397608.
6
Calculate the highest common divisor of 973 and 1400.
7
Calculate the greatest common factor of 252 and 174186.
18
Calculate the highest common factor of 3264 and 26304.
192
What is the greatest common factor of 20629455 and 231?
231
What is the highest common factor of 391 and 8279?
17
Calculate the greatest common factor of 89980 and 100.
20
Calculate the greatest common factor of 44 and 18777.
11
What is the highest common factor of 1053828 and 18?
18
What is the greatest common divisor of 23685 and 255?
15
What is the highest common factor of 112 and 21448?
56
What is the greatest common factor of 529716 and 660?
132
Calculate the highest common factor of 166122 and 3564.
198
What is the highest common divisor of 137784 and 24?
24
What is the highest common divisor of 23541 and 106141?
413
What is the highest common factor of 1582022 and 3692?
1846
What is the greatest common factor of 119704 and 208?
104
What is the highest common divisor of 5304 and 66?
6
Calculate the greatest common divisor of 2736 and 240996.
228
Calculate the highest common factor of 280 and 6978440.
280
Calculate the highest common factor of 295 and 5.
5
Calculate the highest common factor of 4195 and 250.
5
Calculate the highest common factor of 508496 and 16592.
976
What is the greatest common divisor of 164780 and 20?
20
What is the highest common divisor of 2835 and 7105?
35
Calculate the greatest common divisor of 3984 and 90387.
249
What is the greatest common factor of 7890 and 1480?
10
What is the greatest common factor of 194756 and 181?
181
What is the highest common divisor of 244146 and 672?
42
Calculate the greatest common divisor of 273 and 5271.
21
Calculate the highest common divisor of 108919 and 9503.
731
What is the highest common divisor of 75 and 9425?
25
What is the highest common divisor of 895 and 28103?
179
Calculate the highest common divisor of 3355 and 5071.
11
Calculate the greatest common factor of 7128 and 23448.
24
What is the highest common factor of 18248 and 108?
4
What is the greatest common factor of 2168 and 5552?
8
What is the greatest common factor of 3 and 42809?
1
Calculate the highest common factor of 172102 and 42.
14
Calculate the highest common factor of 427 and 55083.
427
Calculate the highest common divisor of 120903 and 1899.
633
What is the highest common divisor of 2790 and 1812?
6
Calculate the highest common factor of 55 and 14474020.
55
Calculate the greatest common factor of 36 and 25677.
9
Calculate the greatest common divisor of 178240 and 1280.
320
Calculate the highest common divisor of 668 and 1503668.
668
What is the greatest common factor of 48 and 96456?
24
What is the highest common divisor of 1424 and 17266?
178
Calculate the highest common divisor of 14994 and 54.
18
What is the greatest common factor of 426984 and 72?
24
Calculate the highest common divisor of 711096 and 192.
24
Calculate the greatest common divisor of 462 and 1686.
6
Calculate the greatest common divisor of 216 and 194211.
27
Calculate the highest common factor of 903 and 16569.
21
What is the greatest common divisor of 2167154 and 242?
22
Calculate the highest common divisor of 4576 and 143.
143
What is the greatest common factor of 185356 and 96?
4
Calculate the greatest common factor of 30 and 393270.
30
What is the highest common factor of 2188557 and 35?
7
Calculate the highest common divisor of 243 and 23616.
9
What is the highest common divisor of 170 and 2415870?
170
What is the greatest common factor of 27016 and 88?
88
Calculate the highest common divisor of 209891 and 11.
11
Calculate the greatest common divisor of 70 and 95690.
70
What is the greatest common divisor of 445 and 4815?
5
Calculate the greatest common factor of 308952 and 3024.
504
What is the greatest common divisor of 47829 and 6556?
149
Calculate the greatest common divisor of 4644 and 7716006.
2322
What is the highest common divisor of 17004 and 276?
12
Calculate the greatest common divisor of 1520 and 3424180.
380
Calculate the greatest common factor of 19962 and 18.
18
What is the highest common divisor of 102 and 152031?
51
What is the highest common factor of 112292 and 27654?
838
Calculate the greatest common divisor of 17894 and 115.
23
Calculate the greatest common divisor of 19698 and 10050.
402
What is the highest common divisor of 431302 and 30726?
1138
What is the greatest common divisor of 129320 and 105576?
424
What is the greatest common factor of 24 and 1788?
12
Calculate the highest common divisor of 5962 and 4.
2
What is the highest common divisor of 319 and 9193?
29
What is the greatest common divisor of 242034 and 348?
174
What is the highest common divisor of 204 and 17850?
102
Calculate the greatest common divisor of 8638031 and 227.
227
Calculate the highest common factor of 873404 and 56.
28
What is the greatest common factor of 160 and 1115?
5
Calculate the highest common divisor of 3520 and 25960.
440
Calculate the greatest common factor of 986 and 4114.
34
What is the highest common factor of 16948 and 608?
76
What is the highest common divisor of 312734 and 4336?
542
Calculate the greatest common factor of 23392 and 258.
86
Calculate the greatest common divisor of 1566 and 438.
6
Calculate the greatest common factor of 68766 and 5181.
471
What is the greatest common divisor of 885 and 1870005?
885
What is the highest common divisor of 315 and 16240?
35
Calculate the highest common factor of 7893426 and 1119.
1119
What is the greatest common factor of 12327 and 294?
21
Calculate the greatest common factor of 109618 and 2.
2
What is the highest common factor of 3 and 4504?
1
What is the greatest common divisor of 4 and 1372564?
4
What is the highest common divisor of 623 and 162425?
89
Calculate the greatest common divisor of 4060 and 8323.
203
Calculate the highest common divisor of 38726 and 402.
134
Calculate the highest common factor of 105 and 152355.
105
Calculate the highest common factor of 34 and 41429.
17
What is the highest common factor of 695214 and 2808?
234
What is the greatest common factor of 63 and 543357?
9
Calculate the greatest common factor of 23218 and 288439.
893
Calculate the highest common divisor of 2580 and 16555.
215
Calculate the highest common factor of 10036 and 3302.
26
What is the greatest common factor of 22 and 271634?
22
What is the highest common divisor of 1084917 and 1718?
859
What is the highest common divisor of 109109 and 545?
109
Calculate the highest common factor of 741 and 85557.
57
What is the greatest common divisor of 190 and 21110?
10
Calculate the greatest common divisor of 22 and 1205809.
11
What is the greatest common divisor of 3220 and 4255?
115
What is the highest common factor of 29872 and 7984?
16
What is the highest common factor of 84 and 81270?
42
What is the highest common factor of 71 and 68231?
71
What is the highest common factor of 1068 and 36668?
356
What is the highest common divisor of 86834 and 66?
22
What is the highest common factor of 531632 and 128?
16
What is the greatest common factor of 90 and 111465?
45
Calculate the highest common factor of 23 and 23.
23
Calculate the greatest common factor of 202687 and 85206.
1291
Calculate the highest common divisor of 253597 and 691.
691
Calculate the greatest common divisor of 11175 and 7275.
75
What is the greatest common divisor of 390 and 24609?
39
What is the greatest common factor of 21 and 13286?
7
What is the greatest common divisor of 2680 and 520?
40
Calculate the greatest common factor of 450 and 4644.
18
What is the greatest common factor of 4186 and 1379586?
598
Calculate the greatest common divisor of 447 and 111.
3
Calculate the greatest common factor of 315 and 18115.
5
What is the highest common divisor of 8987847 and 33?
33
What is the highest common divisor of 26712 and 2349?
9
Calculate the greatest common factor of 2952322 and 284.
142
What is the greatest com